 be (-11)/((52/(-24))/13). Calculate the greatest common factor of x and j.
6
Suppose 0*a + 184602 = 35*a + 22132. Calculate the highest common factor of a and 22.
22
Suppose 8 = -23*l + 19*l. Let w be (-3 - -4) + (28/(-2))/l. Suppose -w*f + 585 = 5*f. What is the highest common divisor of 15 and f?
15
Suppose -4*i - 5*n + 16 = 0, -2*i + 28 = -4*n + 20. Calculate the greatest common divisor of i and 27.
1
Let f = -24 - 43. Let a(d) = d**2 - 17*d + 97. Let r be a(17). Let g = r + f. Calculate the greatest common divisor of 135 and g.
15
Suppose 5*k + 118 - 4253 = -c, c + 3*k = 4119. What is the greatest common divisor of 507 and c?
39
Suppose -q + 1579*k - 1575*k = -17900, 3*q + k = 53713. Calculate the highest common factor of 48 and q.
48
Let n = -38 - -70. Let c = 33 + -24. Suppose -389 = -c*j + 331. Calculate the greatest common divisor of n and j.
16
Suppose -11*k - 438 - 519 = 0. Let y = k + 115. Calculate the highest common divisor of 224 and y.
28
Let c(w) = 9*w**3 - 4*w**2 - w. Let m be c(-1). Let d = 17 + m. Suppose -d*v + v = -76. What is the highest common factor of 209 and v?
19
Suppose 39 = 10*i - 51. Suppose -110 = -i*d + 7*d. What is the greatest common factor of 11 and d?
11
Let y be 5/((2/9)/((-88)/(-60))). Let i be (2/5)/(5/(-25)) + 321. What is the greatest common divisor of y and i?
11
Suppose y = 3*c + 45, 0 = c - 0*c + 4*y + 2. Let i(o) = -o**3 - 14*o**2 - 4*o - 42. Let u be i(c). What is the highest common divisor of 154 and u?
14
Let k(h) = h - 5. Let s be k(6). Let v be (1/(-3) + s)/(40/420). Let m = v + 6. What is the highest common divisor of m and 13?
13
Let u be (-1)/(2/1040*-4). Suppose o - g - u = -3*g, -5*g = -5*o + 695. What is the highest common factor of o and 16?
8
Suppose 0 = -5*f + z + 3*z - 2, -5*z + 19 = 2*f. Suppose f*a + 144 = 2*m, 80*a - 79*a + 303 = 4*m. Calculate the highest common divisor of m and 14.
7
Suppose 84 - 72 = -4*y. Let a be (y - 855/(-10))/(1/6). Calculate the greatest common divisor of a and 45.
45
Let z = -624 - -1264. Let v be (126/(-8))/(((-24)/6)/z). Let l be v/(-16)*-4*1/5. What is the greatest common factor of l and 21?
21
Suppose 2934 + 2442 = 2*c. Suppose 18*r - c = 6*r. What is the greatest common divisor of 56 and r?
56
Let x(h) = -21*h**2 - 3*h + 21. Let t be x(3). Let l = t - -191. Let r be (-422)/(-10) - 12/60. What is the highest common divisor of l and r?
14
Let p(v) = 335*v**2 - 193*v - 1466. Let f be p(-9). Calculate the greatest common divisor of 142 and f.
142
Suppose -36*i - 32*i = 6*i - 3108. Calculate the highest common factor of i and 518.
14
Let u(b) = -17*b + 1352. Let c be u(51). Calculate the highest common factor of c and 1164.
97
Suppose 2*i - h - 111 = -2*i, 0 = i + 4*h - 32. Suppose -19*o + 2916 = -o. Let j = o - 113. What is the highest common factor of j and i?
7
Suppose 1 - 11 = -f. Let k(v) = -6*v**3 + 6*v**2 + 44*v + 7. Let n be k(-5). Let q = n - 597. What is the greatest common divisor of q and f?
10
Let k(h) = -50 + h**2 + 47 + 0*h**2 - h. Let j be k(-5). Calculate the greatest common divisor of 1 and j.
1
Let t(h) = -6*h - 16. Let c be t(-11). Suppose 5*p + 91 = 2*b, -b - 2*p + c = -0*b. Let j = b - -2. Calculate the highest common divisor of j and 20.
10
Suppose 139*k - 41998 = -14*k - 13*k. Suppose -2*l + 6 = -4, -2*p = -l - 83. Calculate the greatest common divisor of k and p.
11
Let s(h) = -2*h**2 + 3*h - 2. Let i be s(2). Let d be (-840)/(-160) + 1/i. What is the highest common factor of d and 145?
5
Let z = 1427 - 935. Let x = 28 - -54. What is the greatest common factor of x and z?
82
Let n(x) = -12*x**2 + 84*x + 11. Let h be n(7). Suppose 0 = -12*k + 3627 - 1383. What is the greatest common factor of h and k?
11
Let x = -73 + 143. Suppose -n + 672 + 448 = 0. What is the greatest common divisor of x and n?
70
Suppose -326*g + 11 = -325*g. Calculate the highest common factor of g and 3861.
11
Suppose 2*k - 1418 = 1018*c - 1015*c, 1426 = 2*k - 4*c. What is the highest common divisor of k and 2050?
41
Let r(a) = a**3 - 6*a**2 + 7*a - 7. Suppose 6*y - 20 = 2*y. Let b be r(y). Suppose -6*n = -3*n - b. What is the highest common divisor of n and 5?
1
Let g be 6/(-4)*(-17)/((-255)/(-290)). Suppose 2*l + a = 28 + g, -4*l = -4*a - 84. What is the highest common factor of l and 143?
13
Let u(g) = 6*g + 78. Let v be u(-8). Suppose 150 = 6*n - 318. What is the greatest common divisor of n and v?
6
Suppose 54*f - 26754 = -37*f. Calculate the greatest common factor of 266 and f.
14
Let p = -2980 + 2996. What is the highest common factor of p and 9904?
16
Let y(o) = o**3 + 14*o**2 - 4*o - 4. Let r be y(-14). Let x = 15 + r. Let d = x + -59. What is the greatest common factor of 64 and d?
8
Let b be (-1188)/(-12) - (-10)/(-5). Let x = b + -90. Let v be (-258)/(-9) - (-4)/(-6). What is the greatest common divisor of x and v?
7
Suppose 0*d = -0*d - 2*d. Suppose -6*k + 42 + 0 = d. Let m = 13 - -8. What is the greatest common factor of m and k?
7
Let z be (-1)/(-4) - (4 + (-10380)/80). Calculate the highest common factor of z and 2688.
42
Let r = -12494 - -12614. What is the greatest common factor of r and 198?
6
Let s(i) = -137*i**3 + 71*i + 70. Let q be s(-1). What is the greatest common divisor of 2108 and q?
68
Let t be ((7/2)/(-7))/((-1)/26). Suppose 52 = 2*i + 3*o, -i + 0*i = -5*o - t. Suppose i*d + 15 = 26*d. What is the highest common factor of 15 and d?
5
Suppose -2*d - 2*d = -40. Let l = 359 - -167. Let y = -436 + l. What is the greatest common divisor of d and y?
10
Let p be ((-27 + 3)/(-4))/(-2). Let i be -78*(1 - (-1)/p). Let a be (1 + -7)/(6/i). What is the highest common divisor of 13 and a?
13
Let x = -52 + 56. Suppose -t = 3*v + 8, -3*v = -x*t + v - 32. Let k be t/(-8) + 31/1. Calculate the greatest common factor of 16 and k.
16
Let i = -313 + 339. Suppose s + i*o = 29*o + 1, 0 = 3*s + o - 23. Calculate the greatest common divisor of 3 and s.
1
Suppose 0 = 5*i + 3*d - 60, 0 = 2*i - d + 6*d - 5. Let g = -220564 - -220569. Calculate the greatest common divisor of g and i.
5
Let b(o) = -o**2 + 18*o - 2. Let a be b(18). Let v be (2/a)/(58/(-2204)). What is the highest common divisor of v and 2?
2
Let q be (-2 + 1)*(-5 + 2). Let d(z) = -7*z**2 - 6*z - 3. Let n be d(q). Let o = n + 213. What is the highest common factor of 86 and o?
43
Let s(w) = -w + 3. Let i be s(3). Suppose 26*j = -699 + 5899. Suppose i = -7*x + 2*x + j. What is the highest common divisor of x and 8?
8
Let w(q) = 6 + 5 - 4 - q + 17. Let s be w(-21). What is the greatest common divisor of 255 and s?
15
Let o be 146094/42 + (-8)/(-14). Calculate the highest common factor of o and 49.
49
Suppose 1243 = 4*b - u, -248 = 5*b + 4*u - 1828. Let g(r) = -r**2 + 13*r + 212. Let v be g(20). What is the highest common factor of b and v?
24
Suppose 4*g + 4299 = -5*r, 22*g - 1080 = 23*g - 4*r. Let c = -959 - g. What is the highest common divisor of c and 36?
9
Let t be 2*(4 - 3 - -16). Let m be 14/(-4) - (-2301)/26. What is the highest common divisor of m and t?
17
Let l(b) = -7*b + 246. Let t be l(0). Let r(g) = -246 + 10*g + 488 - t. Let q be r(13). What is the greatest common factor of 18 and q?
18
Let p = -419 + 617. Suppose 4*i - 80 = r, -5*i - r + 137 - 55 = 0. What is the highest common factor of i and p?
18
Let c be 24/(-228) + 1806636/741. Calculate the highest common divisor of 1166 and c.
106
Let n = 113 - 109. Suppose 0 = n*l - f - 688, l - 2*f + 676 = 5*l. What is the greatest common factor of l and 18?
9
Suppose -4 = -3*v + v. Let b be ((-33)/(-15))/(v/10). Suppose -5*n + b*n = 18. What is the greatest common divisor of 3 and n?
3
Let f be 6/9*4/((-24)/(-9)) - -143. Calculate the greatest common divisor of f and 2512.
16
Let r be -3 + 5 + 44/2. Let n(s) be the second derivative of -7*s**3/3 + 16*s**2 - 42*s. Let w be n(0). What is the greatest common factor of w and r?
8
Let f be 288/126 - 2/7. Let c(o) = -5*o**3 + f*o**2 - 3*o - 4 - o - 3*o**3. Let u be c(-3). What is the greatest common factor of u and 22?
22
Suppose 798 = -26*p + 2436. Calculate the greatest common factor of p and 861.
21
Let j be -76*(2/(-4))/1. Suppose d + 12 = -r, -2*d = 30 - 26. Let f be (-3)/(r - (-7971)/798). Calculate the highest common divisor of j and f.
38
Suppose 0 = 69*h - 67*h - 14. Calculate